der when 134 is divided by o(41)?
29
Let m(n) = 3*n + 42. Let z(t) = -1. Let v(y) = -m(y) + 3*z(y). Calculate the remainder when 104 is divided by v(-24).
23
Let b(t) = 3*t**2 + 6*t + 22. Let o be b(-4). Let i = 89 - o. What is the remainder when 213 is divided by i?
41
Suppose c - 6*s - 79 = 0, -19*s + 14*s + 73 = 2*c. Suppose 0 = -i + 3, 0 = h + 3*i - 173 - 78. What is the remainder when h is divided by c?
46
Suppose 2*s + 3*s - 4*v = 62, -5*s = 4*v - 78. Suppose -4*f - s = -82. Suppose 15*y - f*y = -436. What is the remainder when y is divided by 56?
50
Let p(h) = 3*h**3 - 13*h**2 + 20*h + 20. What is the remainder when p(6) is divided by 26?
8
Calculate the remainder when 68 is divided by 2 + (-80)/35 + 2883/217.
3
Suppose -l + 8921 = 4*m + 3412, 2*l - 1386 = -m. Calculate the remainder when m is divided by 106.
104
Let j(w) = -4*w + 147. Let y be j(33). Suppose -y = -3*i - 3*v, -4*v = -2 - 6. What is the remainder when i is divided by 2?
1
Suppose -4*z + 2*t + 58 = 0, 4*z - 5*t = -1 + 44. Let k(m) = -3*m**2 - 2*m + 1. Let n be k(-3). Let j = 62 - n. What is the remainder when j is divided by z?
14
What is the remainder when -19 + (813 - (-90)/15) is divided by 65?
20
Let s = -225184 - -225191. Suppose 5*v = -u + 2*u - 20, 0 = 5*v - 4*u + 35. Let r = 1 - v. Calculate the remainder when s is divided by r.
3
Let v(n) = 65*n**2 - 29*n - 29. Let r be 36/384*-4 - (-10)/(-16). What is the remainder when v(r) is divided by 35?
30
Suppose -o - 408 = -20*o - 5*o. What is the remainder when 1476 is divided by o?
14
Let u(d) = -2*d**2 - 18*d + 1663. Calculate the remainder when 4773 is divided by u(-32).
189
Let a(p) = -27 + 10 - 30 - 4 + 22*p. Calculate the remainder when a(3) is divided by 6.
3
Suppose -5*x + 551 - 186 = 0. Suppose 9*b = 3*w + 4*b + 48, 4*w = 2*b - 64. Let z = w + 53. Calculate the remainder when x is divided by z.
36
Let f(d) = 8*d + 383. What is the remainder when f(20) is divided by 189?
165
Suppose -183*t + 4*u - 134 = -184*t, 0 = 2*t + 2*u - 262. What is the remainder when 442 is divided by t?
52
Calculate the remainder when ((-18440)/(-25))/((-144)/(-260) + (-12)/78) is divided by 18.
8
Let j = -13561 - -13563. Suppose -2 = 2*f - 8. Suppose 5*o - 5 = -f*h, 4*h - 5*o = -h + 35. What is the remainder when h is divided by j?
1
Let m be 4/(-10) + 36/(-60) - -26. Let w(d) = -4*d - 20. Let l be w(-6). Let h = m - l. Calculate the remainder when 41 is divided by h.
20
Let x be (-291)/(-12) + 10/(-40). Suppose 12 = 4*n - x. Calculate the remainder when 239 is divided by n.
5
Let p be (-6)/4*(128/(-6))/(-1). Let q = 23 - p. Let t = q + -46. What is the remainder when 14 is divided by t?
5
Let y(v) = -2*v - 55. Let i be y(-32). Let t(x) = 5*x**2 + 12*x - 108. Calculate the remainder when t(i) is divided by 58.
57
Let x(o) = -3*o**2 + 29*o - 8. Suppose -4*b - 5*q = 25 - 349, -4*b - 2*q + 312 = 0. What is the remainder when b is divided by x(9)?
6
Let a(i) = -i**2 + 7*i - 6*i + 1012 + 11*i - 1034. What is the remainder when 28 is divided by a(9)?
3
Suppose 0*t = -6*t + 30. Calculate the remainder when t is divided by 10/2 + (2 - 5).
1
Let t = -90 - -113. Let n = 663 + -506. Calculate the remainder when n is divided by t.
19
Let r(n) = 38*n**2 - 33*n - 39. Calculate the remainder when r(-4) is divided by 117.
116
Let h(k) = -k**2 - 32*k - 10. Let v(y) = y**2 - y + 22. Let f be v(-10). Suppose 13*z + f = z. What is the remainder when h(z) is divided by 45?
41
Let m(c) = c**3 - 2*c**2 - 2*c + 3. Suppose -16 = 5*n - p, -4*p + 0 = 3*n + 5. What is the remainder when (9/(-27))/((-1)/n) - -42 is divided by m(3)?
5
Let d(m) = -13*m**3 - 10*m**2 + 29*m + 79. Let u(k) = -3*k**3 - 2*k**2 + 7*k + 20. Let p(c) = 2*d(c) - 9*u(c). What is the remainder when 96 is divided by p(5)?
12
Suppose -21*p = 2*s - 22*p - 384, -2*s = -5*p - 384. Calculate the remainder when 208 is divided by s.
16
Suppose 8*y = -0*y - 13*y + 1281. Calculate the remainder when 471 is divided by y.
44
Let x be (1495/(-52))/(2/(-8)). Suppose -2*l + x = -59. What is the remainder when l is divided by 30?
27
Let a = 7165 + 3099. Calculate the remainder when a is divided by 59.
57
Suppose -2*j - 9 - 111 = -3*h, 3*j - 4*h = -178. Let k = j + 80. Calculate the remainder when k is divided by (-7)/(-3) + -3 + 46/6.
5
Let s(o) = -135*o - 149. What is the remainder when s(-17) is divided by 113?
112
Suppose -4*y + 8*h + 40 = 0, 5*y - 3*h + 30 = 6*y. Let q = -1 - -16. Let o = 11 + q. What is the remainder when o is divided by y?
8
Let a = 1237 - 1211. What is the remainder when 65 is divided by a?
13
Suppose -89*c + 150 + 355 = -2788. What is the remainder when 818 is divided by c?
4
Suppose -3*x = j - 16, -4*j + 0*x + 103 = -x. Let d be (11 - 224)*(-2)/3. Let c = d + -44. Calculate the remainder when c is divided by j.
23
Suppose a + 10 = 2*v, 4*v - 3*v = -a - 16. Let j(b) be the first derivative of b**3/3 + 5*b**2 - 32*b + 9. Calculate the remainder when j(a) is divided by 13.
11
Let x(d) = -d**3 + 7*d**2 - 30*d + 213. Calculate the remainder when 1013 is divided by x(5).
109
Let t(o) = 482*o**2 - 165*o - 337. What is the remainder when t(-2) is divided by 25?
21
Suppose 2407*c - 318496 = 2375*c. Calculate the remainder when c is divided by 38.
35
Let i(n) = 14*n - 15. Let f be i(2). Suppose -2*y - 127 = -5*k, 4*k - f = y + 91. Suppose 17 = -k*v + 28*v. What is the remainder when 99 is divided by v?
14
What is the remainder when 309974/56*72/63 is divided by 8?
6
Suppose k - 2*v - 11 = 49, -246 = -4*k + 5*v. Calculate the remainder when ((-500)/7)/(-2)*1764/504 is divided by k.
61
Let r = -165 - -454. Suppose 3*h = 4*b - h - 620, 5*h = -2*b + r. Calculate the remainder when b is divided by 17.
16
Suppose -4*a = 12*d - 11*d - 52, 5*d = -5*a + 305. Suppose 3*t = f + d, -f + 5*f = 2*t - 46. What is the remainder when 33 is divided by t?
12
Let h(o) = 13*o - 166. Let z be h(17). Suppose 157 = 6*g + z. Calculate the remainder when 165 is divided by g.
12
Let d = 3305 + -3177. What is the remainder when 278 is divided by d?
22
Calculate the remainder when (-391)/(-8) + 7/56 is divided by (-86)/(-6) + 48/72.
4
Let p(n) = -n**2 - 87*n - 669. What is the remainder when p(-20) is divided by 658?
13
Suppose -5*z = r - 101, 13*r - 10*r + 96 = 4*z. Let w = -3564 + 4424. Calculate the remainder when w is divided by z.
20
Let f be ((-15)/(-10))/((-1)/(-2)). Let c = -642 - -674. What is the remainder when c is divided by 2*f/6*9?
5
Suppose 0*n + 3*b + 252 = 3*n, -3*n + b = -244. Let l = 96 - n. Let u(p) = -p**2 + 5*p + 3. What is the remainder when l is divided by u(5)?
1
Let v = 6 + -2. Let i(m) = -m**3 + 5*m**2 + 3. Suppose 5*u + 26*w - 379 = 27*w, -5*u + 334 = 4*w. What is the remainder when u is divided by i(v)?
17
Let n(y) = -y**3 - 7*y**2 + 35*y + 101. What is the remainder when n(-10) is divided by 41?
10
Suppose 5*y - 11480 = -5*n, -4*n + 2*y = -9604 + 426. Calculate the remainder when n is divided by 121.
117
Suppose 14*x - 2*p = 17*x - 8645, 3*p - 14410 = -5*x. What is the remainder when x is divided by 152?
149
Let o(t) = -25*t - 1369. What is the remainder when 502 is divided by o(-55)?
4
Suppose n + 5*h - 130 = -35, -2*n = 2*h - 174. Let t be (6 + -1)*-2*16/(-32). Suppose -3*w + t = 11, 32 = a - 5*w. What is the remainder when n is divided by a?
19
Suppose -2592 - 2800 + 1213 = -21*t. What is the remainder when 369 is divided by t?
170
Let j = -5717 - -5924. Calculate the remainder when j is divided by 57.
36
Suppose -23*v = -17*v - 96. What is the remainder when 12/(-4) + 2 + 58 + 1 is divided by v?
10
Suppose -3*f + 91 = 4*h, 96 + 41 = 5*h - 4*f. Calculate the remainder when 399 is divided by h.
24
Let o be 5/((-40)/148) + (-5)/(-2). Let a(x) = 8*x + 158. Suppose -67 = 3*m - 244. Calculate the remainder when m is divided by a(o).
29
Let j(y) = -y**3 - 6*y**2 - 3*y - 6. Let u = 116 + -112. Let m(s) = 11*s - 38. Calculate the remainder when j(-6) is divided by m(u).
0
Let x = -3464 - -3552. Calculate the remainder when 864 is divided by x.
72
Let g = 687 - 1023. Let s = g + 369. Calculate the remainder when 158 is divided by s.
26
Let n = 937 - 1367. Let b = -423 - n. What is the remainder when (-6 - 2)/((-1)/2) is divided by b?
2
Calculate the remainder when 2124 + (-1)/(-5) + (-57)/(-15